{"id":12022,"date":"2024-02-09T14:34:51","date_gmt":"2024-02-09T13:34:51","guid":{"rendered":"https:\/\/www.fundacionsancebrian.com\/portal\/?page_id=12022"},"modified":"2024-02-09T15:00:24","modified_gmt":"2024-02-09T14:00:24","slug":"articiparte","status":"publish","type":"page","link":"https:\/\/www.fundacionsancebrian.com\/portal\/articiparte\/","title":{"rendered":"ARTiciparte!"},"content":{"rendered":"<div id=\"pl-12022\"  class=\"panel-layout\" ><div id=\"pg-12022-0\"  class=\"panel-grid panel-no-style\" ><div id=\"pgc-12022-0-0\"  class=\"panel-grid-cell\" ><div id=\"panel-12022-0-0-0\" class=\"so-panel widget widget_sow-headline panel-first-child panel-last-child\" data-index=\"0\" ><div class=\"panel-widget-style panel-widget-style-for-12022-0-0-0\" ><div\n\t\t\t\n\t\t\tclass=\"so-widget-sow-headline so-widget-sow-headline-default-15d54c391f09-12022 so-widget-fittext-wrapper\"\n\t\t\t data-fit-text-compressor=\"0.85\"\n\t\t><div class=\"sow-headline-container \">\n\t\t\t\t\t\t\t<h1 class=\"sow-headline\">\n\t\t\t\t\t\tProyecto <span style=\"color: #619b3b\"><b>ARTicipate!<\/b><\/span>\t\t\t\t\t\t<\/h1>\n\t\t\t\t\t\t\t\t\t\t\t<div class=\"decoration\">\n\t\t\t\t\t\t<div class=\"decoration-inside\"><\/div>\n\t\t\t\t\t<\/div>\n\t\t\t\t\t<\/div>\n<\/div><\/div><\/div><\/div><\/div><div id=\"pg-12022-1\"  class=\"panel-grid panel-no-style\" ><div id=\"pgc-12022-1-0\"  class=\"panel-grid-cell\" ><div id=\"panel-12022-1-0-0\" class=\"so-panel widget widget_sow-editor panel-first-child panel-last-child\" data-index=\"1\" ><div\n\t\t\t\n\t\t\tclass=\"so-widget-sow-editor so-widget-sow-editor-base\"\n\t\t\t\n\t\t>\n<div class=\"siteorigin-widget-tinymce textwidget\">\n\t<p><a href=\"https:\/\/www.fundacionsancebrian.com\/portal\/wp-content\/uploads\/2024\/02\/20240201_152648_53510415394_o-scaled.jpg\"><img fetchpriority=\"high\" fetchpriority=\"high\" decoding=\"async\" class=\"alignright wp-image-12029\" src=\"https:\/\/www.fundacionsancebrian.com\/portal\/wp-content\/uploads\/2024\/02\/20240201_152648_53510415394_o-scaled.jpg\" alt=\"\" width=\"450\" height=\"338\" srcset=\"https:\/\/www.fundacionsancebrian.com\/portal\/wp-content\/uploads\/2024\/02\/20240201_152648_53510415394_o-scaled.jpg 2560w, https:\/\/www.fundacionsancebrian.com\/portal\/wp-content\/uploads\/2024\/02\/20240201_152648_53510415394_o-300x225.jpg 300w, https:\/\/www.fundacionsancebrian.com\/portal\/wp-content\/uploads\/2024\/02\/20240201_152648_53510415394_o-1024x768.jpg 1024w, https:\/\/www.fundacionsancebrian.com\/portal\/wp-content\/uploads\/2024\/02\/20240201_152648_53510415394_o-768x576.jpg 768w, https:\/\/www.fundacionsancebrian.com\/portal\/wp-content\/uploads\/2024\/02\/20240201_152648_53510415394_o-1536x1152.jpg 1536w, https:\/\/www.fundacionsancebrian.com\/portal\/wp-content\/uploads\/2024\/02\/20240201_152648_53510415394_o-2048x1536.jpg 2048w\" sizes=\"(max-width: 450px) 100vw, 450px\" \/><\/a>El proyecto ARTicipate! en pocas palabras:<\/p>\n<p>El objetivo general del proyecto es promover metodolog\u00edas innovadoras y atractivas para alumnos adultos en riesgo de exclusi\u00f3n, y mejorar las competencias de los educadores y dem\u00e1s personal de educaci\u00f3n de adultos en el \u00e1mbito de las herramientas art\u00edsticas participativas: narraci\u00f3n digital, fotograf\u00eda participativa, podcasting participativo y teatro participativo. Nuestra intenci\u00f3n es poner a prueba estos m\u00e9todos con estudiantes adultos en riesgo de exclusi\u00f3n en cada pa\u00eds socio.<\/p>\n<p>Las actividades centrales incluyen eventos de formaci\u00f3n exhaustiva en cada m\u00e9todo participativo elegido. Los educadores de adultos que trabajan en diversos sectores dentro de la educaci\u00f3n de adultos adquirir\u00e1n nuevas competencias en estos m\u00e9todos. Organizaremos talleres locales para poner a prueba cada m\u00e9todo con alumnos en riesgo de exclusi\u00f3n.<\/p>\n<p>Nuestra intenci\u00f3n es desarrollar cuatro cuadernos de trabajo participativos completos y f\u00e1ciles de usar para educadores de adultos que trabajen con alumnos en riesgo de exclusi\u00f3n. Los cuadernos se publicar\u00e1n en l\u00ednea e incluir\u00e1n una presentaci\u00f3n clara y concisa de las metodolog\u00edas y los ejercicios. Tambi\u00e9n crearemos un \"Inspirational Pool\", una plataforma en l\u00ednea en la que educadores y profesionales podr\u00e1n compartir y acceder a las mejores pr\u00e1cticas para implicar a alumnos adultos en riesgo de exclusi\u00f3n.<\/p>\n<p><a href=\"https:\/\/www.fundacionsancebrian.com\/portal\/wp-content\/uploads\/2024\/02\/Flyer-in-Spanish.png\"><img decoding=\"async\" class=\"size-full wp-image-12027 aligncenter\" src=\"https:\/\/www.fundacionsancebrian.com\/portal\/wp-content\/uploads\/2024\/02\/Flyer-in-Spanish.png\" alt=\"\" width=\"800\" height=\"2000\" srcset=\"https:\/\/www.fundacionsancebrian.com\/portal\/wp-content\/uploads\/2024\/02\/Flyer-in-Spanish.png 800w, https:\/\/www.fundacionsancebrian.com\/portal\/wp-content\/uploads\/2024\/02\/Flyer-in-Spanish-120x300.png 120w, https:\/\/www.fundacionsancebrian.com\/portal\/wp-content\/uploads\/2024\/02\/Flyer-in-Spanish-410x1024.png 410w, https:\/\/www.fundacionsancebrian.com\/portal\/wp-content\/uploads\/2024\/02\/Flyer-in-Spanish-768x1920.png 768w, https:\/\/www.fundacionsancebrian.com\/portal\/wp-content\/uploads\/2024\/02\/Flyer-in-Spanish-614x1536.png 614w\" sizes=\"(max-width: 800px) 100vw, 800px\" \/><\/a><\/p>\n<\/div>\n<\/div><\/div><\/div><\/div><\/div>","protected":false},"excerpt":{"rendered":"<p>El proyecto ARTicipate! en pocas palabras: El objetivo general del proyecto es promover metodolog\u00edas innovadoras y atractivas para alumnos adultos en riesgo de exclusi\u00f3n, y mejorar las competencias de los educadores y dem\u00e1s personal de educaci\u00f3n de adultos en el \u00e1mbito de las herramientas art\u00edsticas participativas: narraci\u00f3n digital, fotograf\u00eda participativa, podcasting participativo y teatro participativo. [&hellip;]<\/p>\n","protected":false},"author":2,"featured_media":0,"parent":0,"menu_order":0,"comment_status":"closed","ping_status":"closed","template":"","meta":{"_seopress_robots_primary_cat":"","_seopress_titles_title":"","_seopress_titles_desc":"","_seopress_robots_index":"","_eb_attr":"","footnotes":""},"categories":[],"tags":[],"class_list":["post-12022","page","type-page","status-publish","hentry","post"],"_links":{"self":[{"href":"https:\/\/www.fundacionsancebrian.com\/portal\/wp-json\/wp\/v2\/pages\/12022","targetHints":{"allow":["GET"]}}],"collection":[{"href":"https:\/\/www.fundacionsancebrian.com\/portal\/wp-json\/wp\/v2\/pages"}],"about":[{"href":"https:\/\/www.fundacionsancebrian.com\/portal\/wp-json\/wp\/v2\/types\/page"}],"author":[{"embeddable":true,"href":"https:\/\/www.fundacionsancebrian.com\/portal\/wp-json\/wp\/v2\/users\/2"}],"replies":[{"embeddable":true,"href":"https:\/\/www.fundacionsancebrian.com\/portal\/wp-json\/wp\/v2\/comments?post=12022"}],"version-history":[{"count":4,"href":"https:\/\/www.fundacionsancebrian.com\/portal\/wp-json\/wp\/v2\/pages\/12022\/revisions"}],"predecessor-version":[{"id":12032,"href":"https:\/\/www.fundacionsancebrian.com\/portal\/wp-json\/wp\/v2\/pages\/12022\/revisions\/12032"}],"wp:attachment":[{"href":"https:\/\/www.fundacionsancebrian.com\/portal\/wp-json\/wp\/v2\/media?parent=12022"}],"wp:term":[{"taxonomy":"category","embeddable":true,"href":"https:\/\/www.fundacionsancebrian.com\/portal\/wp-json\/wp\/v2\/categories?post=12022"},{"taxonomy":"post_tag","embeddable":true,"href":"https:\/\/www.fundacionsancebrian.com\/portal\/wp-json\/wp\/v2\/tags?post=12022"}],"curies":[{"name":"wp","href":"https:\/\/api.w.org\/{rel}","templated":true}]}}