{"id":651,"date":"2018-01-31T10:47:22","date_gmt":"2018-01-31T10:47:22","guid":{"rendered":"http:\/\/www.fundacionsancebrian.com\/portal\/?page_id=651"},"modified":"2025-02-20T11:08:06","modified_gmt":"2025-02-20T10:08:06","slug":"apoyo-a-familias","status":"publish","type":"page","link":"https:\/\/www.fundacionsancebrian.com\/portal\/apoyo-a-familias\/","title":{"rendered":"Apoyo a familias"},"content":{"rendered":"<div id=\"pl-651\"  class=\"panel-layout\" ><div id=\"pg-651-0\"  class=\"panel-grid panel-no-style\" ><div id=\"pgc-651-0-0\"  class=\"panel-grid-cell\" ><div id=\"panel-651-0-0-0\" class=\"so-panel widget widget_sow-headline panel-first-child panel-last-child\" data-index=\"0\" ><div class=\"panel-widget-style panel-widget-style-for-651-0-0-0\" ><div\n\t\t\t\n\t\t\tclass=\"so-widget-sow-headline so-widget-sow-headline-default-15d54c391f09-651 so-widget-fittext-wrapper\"\n\t\t\t data-fit-text-compressor=\"0.85\"\n\t\t><div class=\"sow-headline-container \">\n\t\t\t\t\t\t\t<h1 class=\"sow-headline\">\n\t\t\t\t\t\tApoyo a <span style=\"color: #fbc02d\"><b>FAMILIAS<\/b><\/span>\t\t\t\t\t\t<\/h1>\n\t\t\t\t\t\t\t\t\t\t\t<div class=\"decoration\">\n\t\t\t\t\t\t<div class=\"decoration-inside\"><\/div>\n\t\t\t\t\t<\/div>\n\t\t\t\t\t\t\t\t\t\t\t<p class=\"sow-sub-headline\">\n\t\t\t\t\t\tAcompa\u00f1amos y prestamos apoyos a personas y a sus familias durante toda su vida y en todos los \u00e1mbitos.\t\t\t\t\t\t<\/p>\n\t\t\t\t\t\t<\/div>\n<\/div><\/div><\/div><\/div><\/div><div id=\"pg-651-1\"  class=\"panel-grid panel-no-style\" ><div id=\"pgc-651-1-0\"  class=\"panel-grid-cell\" ><div id=\"panel-651-1-0-0\" class=\"so-panel widget widget_sow-editor panel-first-child panel-last-child\" data-index=\"1\" ><div\n\t\t\t\n\t\t\tclass=\"so-widget-sow-editor so-widget-sow-editor-base\"\n\t\t\t\n\t\t>\n<div class=\"siteorigin-widget-tinymce textwidget\">\n\t<h2><strong>La familia da forma a sus vidas<\/strong><\/h2>\n<hr \/>\n<p>Como en la vida de cualquier persona, la familia ocupa un lugar privilegiado por ser uno de los motores fundamentales del ciclo vital. En el Grupo Fundaci\u00f3n San Cebri\u00e1n, conocedores de esta importancia desde el inicio de su creaci\u00f3n, existe un amplio programa de apoyo a las familias de las personas con discapacidad intelectual a las que se atiende, y se promueve adem\u00e1s su participaci\u00f3n en diferentes equipos de trabajo.<\/p>\n<p>Existen as\u00ed, grupos de autoayuda, donde se tratan diferentes tem\u00e1ticas: Cuidar al cuidador, problemas de conducta en personas con discapacidad intelectual, autodeterminaci\u00f3n\u2026<\/p>\n<p>Desde el servicio de Apoyo a familias se fomentan talleres l\u00fadicos como una jornada de ocio entre las familias. Y se cuenta con un servicio de apoyo psicol\u00f3gico, de asesor\u00eda jur\u00eddica, de formaci\u00f3n y de respiro.<\/p>\n<h2><strong>Proyectos<\/strong><\/h2>\n<hr \/>\n<p><a href=\"http:\/\/www.fundacionsancebrian.com\/portal\/wp-content\/uploads\/2021\/11\/2266_Cartel-COTESAL2020-ATACES_page-0001.jpg\"><div class=\"su-service\"><div class=\"su-service-title\" style=\"padding-left:78px;min-height:64px;line-height:64px\"><img decoding=\"async\" src=\"http:\/\/www.fundacionsancebrian.com\/portal\/wp-content\/uploads\/2021\/11\/docs.png\" width=\"64\" height=\"64\" alt=\"COTESAL\" style=\"width:64px;height:64px\" \/> COTESAL<\/div><div class=\"su-service-content su-u-clearfix su-u-trim\" style=\"padding-left:78px\"><\/div><\/div><\/a><\/p>\n<p>&nbsp;<\/p>\n<h2>Boletines informativos<\/h2>\n<hr \/>\n<div class=\"su-spoiler su-spoiler-style-fancy su-spoiler-icon-caret su-spoiler-closed\" data-scroll-offset=\"0\" data-anchor-in-url=\"no\"><div class=\"su-spoiler-title\" tabindex=\"0\" role=\"button\"><span class=\"su-spoiler-icon\"><\/span>Bolet\u00edn informativo Febrero 2025<\/div><div class=\"su-spoiler-content su-u-clearfix su-u-trim\"><img fetchpriority=\"high\" fetchpriority=\"high\" decoding=\"async\" class=\"aligncenter size-full wp-image-13328\" src=\"https:\/\/www.fundacionsancebrian.com\/portal\/wp-content\/uploads\/2025\/02\/BI-Feb-2025.jpg\" alt=\"\" width=\"1414\" height=\"2000\" srcset=\"https:\/\/www.fundacionsancebrian.com\/portal\/wp-content\/uploads\/2025\/02\/BI-Feb-2025.jpg 1414w, https:\/\/www.fundacionsancebrian.com\/portal\/wp-content\/uploads\/2025\/02\/BI-Feb-2025-212x300.jpg 212w, https:\/\/www.fundacionsancebrian.com\/portal\/wp-content\/uploads\/2025\/02\/BI-Feb-2025-724x1024.jpg 724w, https:\/\/www.fundacionsancebrian.com\/portal\/wp-content\/uploads\/2025\/02\/BI-Feb-2025-768x1086.jpg 768w, https:\/\/www.fundacionsancebrian.com\/portal\/wp-content\/uploads\/2025\/02\/BI-Feb-2025-1086x1536.jpg 1086w\" sizes=\"(max-width: 1414px) 100vw, 1414px\" \/><\/div><\/div>\n<\/div>\n<\/div><\/div><\/div><\/div><div id=\"pg-651-2\"  class=\"panel-grid panel-no-style\" ><div id=\"pgc-651-2-0\"  class=\"panel-grid-cell\" ><div id=\"panel-651-2-0-0\" class=\"so-panel widget widget_sow-editor panel-first-child panel-last-child\" data-index=\"2\" ><div class=\"so-rounded panel-widget-style panel-widget-style-for-651-2-0-0\" ><div\n\t\t\t\n\t\t\tclass=\"so-widget-sow-editor so-widget-sow-editor-base\"\n\t\t\t\n\t\t>\n<div class=\"siteorigin-widget-tinymce textwidget\">\n\t<a href=\"#\" class=\"su-button su-button-style-flat\" style=\"color:#000000;background-color:#ffffff;border-color:#cccccc;border-radius:10px\" target=\"_self\"><span style=\"color:#000000;padding:10px 34px;font-size:25px;line-height:38px;border-color:#ffffff;border-radius:10px;text-shadow:none\"><img decoding=\"async\" src=\"http:\/\/www.fundacionsancebrian.com\/portal\/wp-content\/uploads\/2018\/05\/info.png\" alt=\"\u00bfC\u00f3mo me informo?\" style=\"width:38px;height:38px\" \/> \u00bfC\u00f3mo me informo?<\/span><\/a>\n<hr \/>\n<p>Plaza Juan XXIII 5, bajo 34005 Palencia<br \/>\nAna Marina Aguado<br \/>\n979 70 69 54<br \/>\nam.aguado@fundacionsancebrian.com \/ info@ataces.es<\/p>\n<\/div>\n<\/div><\/div><\/div><\/div><\/div><\/div>","protected":false},"excerpt":{"rendered":"<p>La familia da forma a sus vidas Como en la vida de cualquier persona, la familia ocupa un lugar privilegiado por ser uno de los motores fundamentales del ciclo vital. En el Grupo Fundaci\u00f3n San Cebri\u00e1n, conocedores de esta importancia desde el inicio de su creaci\u00f3n, existe un amplio programa de apoyo a las familias [&hellip;]<\/p>\n","protected":false},"author":2,"featured_media":0,"parent":0,"menu_order":0,"comment_status":"closed","ping_status":"closed","template":"","meta":{"_seopress_robots_primary_cat":"","_seopress_titles_title":"","_seopress_titles_desc":"","_seopress_robots_index":"","_eb_attr":"","footnotes":""},"categories":[],"tags":[],"class_list":["post-651","page","type-page","status-publish","hentry","post"],"_links":{"self":[{"href":"https:\/\/www.fundacionsancebrian.com\/portal\/wp-json\/wp\/v2\/pages\/651","targetHints":{"allow":["GET"]}}],"collection":[{"href":"https:\/\/www.fundacionsancebrian.com\/portal\/wp-json\/wp\/v2\/pages"}],"about":[{"href":"https:\/\/www.fundacionsancebrian.com\/portal\/wp-json\/wp\/v2\/types\/page"}],"author":[{"embeddable":true,"href":"https:\/\/www.fundacionsancebrian.com\/portal\/wp-json\/wp\/v2\/users\/2"}],"replies":[{"embeddable":true,"href":"https:\/\/www.fundacionsancebrian.com\/portal\/wp-json\/wp\/v2\/comments?post=651"}],"version-history":[{"count":24,"href":"https:\/\/www.fundacionsancebrian.com\/portal\/wp-json\/wp\/v2\/pages\/651\/revisions"}],"predecessor-version":[{"id":13329,"href":"https:\/\/www.fundacionsancebrian.com\/portal\/wp-json\/wp\/v2\/pages\/651\/revisions\/13329"}],"wp:attachment":[{"href":"https:\/\/www.fundacionsancebrian.com\/portal\/wp-json\/wp\/v2\/media?parent=651"}],"wp:term":[{"taxonomy":"category","embeddable":true,"href":"https:\/\/www.fundacionsancebrian.com\/portal\/wp-json\/wp\/v2\/categories?post=651"},{"taxonomy":"post_tag","embeddable":true,"href":"https:\/\/www.fundacionsancebrian.com\/portal\/wp-json\/wp\/v2\/tags?post=651"}],"curies":[{"name":"wp","href":"https:\/\/api.w.org\/{rel}","templated":true}]}}

<div id="pl-651"  class="panel-layout" ><div id="pg-651-0"  class="panel-grid panel-no-style" ><div id="pgc-651-0-0"  class="panel-grid-cell" ><div id="panel-651-0-0-0" class="so-panel widget widget_sow-headline panel-first-child panel-last-child" data-index="0" ><div class="panel-widget-style panel-widget-style-for-651-0-0-0" ><div
			
			class="so-widget-sow-headline so-widget-sow-headline-default-15d54c391f09-651 so-widget-fittext-wrapper"
			 data-fit-text-compressor="0.85"
		><div class="sow-headline-container ">
							<h1 class="sow-headline">
						Apoyo a <span style="color: #fbc02d"><b>FAMILIAS</b></span>						</h1>
											<div class="decoration">
						<div class="decoration-inside"></div>
					</div>
											<p class="sow-sub-headline">
						Acompañamos y prestamos apoyos a personas y a sus familias durante toda su vida y en todos los ámbitos.						</p>
						</div>
</div></div></div></div></div><div id="pg-651-1"  class="panel-grid panel-no-style" ><div id="pgc-651-1-0"  class="panel-grid-cell" ><div id="panel-651-1-0-0" class="so-panel widget widget_sow-editor panel-first-child panel-last-child" data-index="1" ><div
			
			class="so-widget-sow-editor so-widget-sow-editor-base"
			
		>
<div class="siteorigin-widget-tinymce textwidget">
	<h2><strong>La familia da forma a sus vidas</strong></h2>
<hr />
<p>Como en la vida de cualquier persona, la familia ocupa un lugar privilegiado por ser uno de los motores fundamentales del ciclo vital. En el Grupo Fundación San Cebrián, conocedores de esta importancia desde el inicio de su creación, existe un amplio programa de apoyo a las familias de las personas con discapacidad intelectual a las que se atiende, y se promueve además su participación en diferentes equipos de trabajo.</p>
<p>Existen así, grupos de autoayuda, donde se tratan diferentes temáticas: Cuidar al cuidador, problemas de conducta en personas con discapacidad intelectual, autodeterminación…</p>
<p>Desde el servicio de Apoyo a familias se fomentan talleres lúdicos como una jornada de ocio entre las familias. Y se cuenta con un servicio de apoyo psicológico, de asesoría jurídica, de formación y de respiro.</p>
<h2><strong>Proyectos</strong></h2>
<hr />
<p><a href="http://www.fundacionsancebrian.com/portal/wp-content/uploads/2021/11/2266_Cartel-COTESAL2020-ATACES_page-0001.jpg"><div class="su-service"><div class="su-service-title" style="padding-left:78px;min-height:64px;line-height:64px"><img decoding="async" src="http://www.fundacionsancebrian.com/portal/wp-content/uploads/2021/11/docs.png" width="64" height="64" alt="COTESAL" style="width:64px;height:64px" /> COTESAL</div><div class="su-service-content su-u-clearfix su-u-trim" style="padding-left:78px"></div></div></a></p>
<p>&nbsp;</p>
<h2>Boletines informativos</h2>
<hr />
<div class="su-spoiler su-spoiler-style-fancy su-spoiler-icon-caret su-spoiler-closed" data-scroll-offset="0" data-anchor-in-url="no"><div class="su-spoiler-title" tabindex="0" role="button"><span class="su-spoiler-icon"></span>Boletín informativo Febrero 2025</div><div class="su-spoiler-content su-u-clearfix su-u-trim"><img fetchpriority="high" fetchpriority="high" decoding="async" class="aligncenter size-full wp-image-13328" src="https://www.fundacionsancebrian.com/portal/wp-content/uploads/2025/02/BI-Feb-2025.jpg" alt="" width="1414" height="2000" srcset="https://www.fundacionsancebrian.com/portal/wp-content/uploads/2025/02/BI-Feb-2025.jpg 1414w, https://www.fundacionsancebrian.com/portal/wp-content/uploads/2025/02/BI-Feb-2025-212x300.jpg 212w, https://www.fundacionsancebrian.com/portal/wp-content/uploads/2025/02/BI-Feb-2025-724x1024.jpg 724w, https://www.fundacionsancebrian.com/portal/wp-content/uploads/2025/02/BI-Feb-2025-768x1086.jpg 768w, https://www.fundacionsancebrian.com/portal/wp-content/uploads/2025/02/BI-Feb-2025-1086x1536.jpg 1086w" sizes="(max-width: 1414px) 100vw, 1414px" /></div></div>
</div>
</div></div></div></div><div id="pg-651-2"  class="panel-grid panel-no-style" ><div id="pgc-651-2-0"  class="panel-grid-cell" ><div id="panel-651-2-0-0" class="so-panel widget widget_sow-editor panel-first-child panel-last-child" data-index="2" ><div class="so-rounded panel-widget-style panel-widget-style-for-651-2-0-0" ><div
			
			class="so-widget-sow-editor so-widget-sow-editor-base"
			
		>
<div class="siteorigin-widget-tinymce textwidget">
	<a href="#" class="su-button su-button-style-flat" style="color:#000000;background-color:#ffffff;border-color:#cccccc;border-radius:10px" target="_self"><span style="color:#000000;padding:10px 34px;font-size:25px;line-height:38px;border-color:#ffffff;border-radius:10px;text-shadow:none"><img decoding="async" src="http://www.fundacionsancebrian.com/portal/wp-content/uploads/2018/05/info.png" alt="¿Cómo me informo?" style="width:38px;height:38px" /> ¿Cómo me informo?</span></a>
<hr />
<p>Plaza Juan XXIII 5, bajo 34005 Palencia<br />
Ana Marina Aguado<br />
979 70 69 54<br />
am.aguado@fundacionsancebrian.com / info@ataces.es</p>
</div>
</div></div></div></div></div></div>

<p>La familia da forma a sus vidas Como en la vida de cualquier persona, la familia ocupa un lugar privilegiado por ser uno de los motores fundamentales del ciclo vital. En el Grupo Fundación San Cebrián, conocedores de esta importancia desde el inicio de su creación, existe un amplio programa de apoyo a las familias [&hellip;]</p>
